{"id":276,"date":"2024-05-29T17:17:53","date_gmt":"2024-05-29T17:17:53","guid":{"rendered":"https:\/\/www.reklamastyl-video.cz\/?page_id=276"},"modified":"2024-06-06T17:30:16","modified_gmt":"2024-06-06T17:30:16","slug":"exterier","status":"publish","type":"page","link":"https:\/\/www.yorksirbetty.cz\/?page_id=276","title":{"rendered":"Exteri\u00e9r"},"content":{"rendered":"<div class=\"wp-block-image\">\n<figure class=\"alignleft size-full is-resized\"><img loading=\"lazy\" decoding=\"async\" width=\"800\" height=\"800\" src=\"http:\/\/www.reklamastyl-video.cz\/wp-content\/uploads\/2024\/05\/335_yorksirsky-terier-yorkshire-terrier.jpg\" alt=\"\" class=\"wp-image-175\" style=\"width:337px;height:auto\" srcset=\"https:\/\/www.yorksirbetty.cz\/wp-content\/uploads\/2024\/05\/335_yorksirsky-terier-yorkshire-terrier.jpg 800w, https:\/\/www.yorksirbetty.cz\/wp-content\/uploads\/2024\/05\/335_yorksirsky-terier-yorkshire-terrier-300x300.jpg 300w, https:\/\/www.yorksirbetty.cz\/wp-content\/uploads\/2024\/05\/335_yorksirsky-terier-yorkshire-terrier-150x150.jpg 150w, https:\/\/www.yorksirbetty.cz\/wp-content\/uploads\/2024\/05\/335_yorksirsky-terier-yorkshire-terrier-768x768.jpg 768w\" sizes=\"auto, (max-width: 800px) 100vw, 800px\" \/><\/figure>\n<\/div>\n\n\n<p>Plemeno mal\u00e9ho vzr\u016fstu \u0159ad\u00edc\u00ed se mezi teri\u00e9ry, kter\u00e9 poch\u00e1z\u00ed ze Spojen\u00e9ho kr\u00e1lovstv\u00ed, kde bylo vyu\u017e\u00edv\u00e1no k lovu hlodavc\u016f. Toto plemeno m\u00e1 malou a plochou hlavu. Nos je v\u017edy \u010dern\u00fd. O\u010di jsou velikostn\u011b st\u0159edn\u00ed, tmav\u00e9 a s inteligentn\u00edm v\u00fdrazem. U\u0161i jsou mal\u00e9, vzty\u010den\u00e9, maj\u00ed troj\u00faheln\u00edkovit\u00fd tvar a jsou pokryt\u00e9 kr\u00e1tkou, tmavou srst\u00ed. Krk mus\u00ed m\u00edt pevn\u00fd, vzty\u010den\u00fd. Hrudn\u00edk \u0161irok\u00fd p\u0159im\u011b\u0159en\u011b k ostatn\u00edm \u010d\u00e1stem t\u011bla, \u017eebra jsou klenut\u00e1, h\u0159bet rovn\u00fd, siln\u00e1 bedra. Ocas je nesen m\u00edrn\u011b nad \u00farovn\u00ed h\u0159betu, ide\u00e1ln\u011b by m\u011bl b\u00fdt rovn\u00fd.<\/p>\n\n\n\n<p>Srst je na t\u011ble dlouh\u00e1 a rovn\u00e1, na h\u0159bet\u011b je a\u017e k ocasu rozd\u011blena p\u011b\u0161inkou. Srst se nesm\u00ed vlnit, nesm\u00ed b\u00fdt hu\u0148at\u00e1, je leskl\u00e1 a hladk\u00e1 a m\u00e1 hedv\u00e1bnou strukturu. Barva srsti na hlav\u011b je zlat\u00e1, na t\u011ble tmav\u00e1 ocelov\u00e1 modr\u00e1. Struktura srsti tohoto pejska je podobn\u00e1 lidsk\u00fdm vlas\u016fm, proto je jork\u0161\u00edrsk\u00fd teri\u00e9r vhodn\u00fd i pro alergiky a v\u00fdhodu je taky, \u017ee nel\u00edn\u00e1.<\/p>\n\n\n\n<p>Jork\u0161\u00edrsk\u00fd teri\u00e9r je \u010dil\u00fd a inteligentn\u00ed pes. Svou povahou je to typick\u00fd teri\u00e9r, m\u00e1 velk\u00e9 sebev\u011bdom\u00ed a nezalekne se ani v\u011bt\u0161\u00edch ps\u016f ani vet\u0159elc\u016f. Sv\u00e9ho p\u00e1na nadev\u0161e miluje a je mu velice oddan\u00fd. V\u011brn\u00fd a p\u0159\u00edtuln\u00fd je i k cel\u00e9 rodin\u011b. I k ciz\u00edm lidem b\u00fdv\u00e1 p\u0159\u00edjemn\u00fd, pokud jsou v\u00edtan\u00fdmi hosty a daj\u00ed mu najevo svou n\u00e1klonnost. S jin\u00fdmi psy vych\u00e1z\u00ed dob\u0159e, i kdy\u017e majitel by si m\u011bl d\u00e1t pozor p\u0159i seznamov\u00e1n\u00ed s v\u011bt\u0161\u00edmi psy, proto\u017ee jorki se t\u011bchto ps\u016f neboj\u00ed a neuv\u011bdomuje si svou trpasli\u010d\u00ed velikost, mohl by tedy b\u00fdt v\u011bt\u0161\u00edm psem zran\u011bn. Sou\u017eit\u00ed s ostatn\u00edmi dom\u00e1c\u00edmi zv\u00ed\u0159aty b\u00fdv\u00e1 bez probl\u00e9m\u016f.<\/p>\n\n\n\n<p>Je velmi inteligentn\u00ed a p\u0159izp\u016fsobiv\u00fd, r\u00e1d se u\u010d\u00ed a hraje si. Z n\u011bkter\u00fdch jedinc\u016f se mohou st\u00e1t b\u00e1zliv\u00ed pejsci, co sv\u011bd\u010d\u00ed o ned\u016fsledn\u00e9 v\u00fdchov\u011b, kterou i takto mal\u00fd pes pot\u0159ebuje. Jork\u0161\u00edrsk\u00fd teri\u00e9r je pes, kter\u00e9ho pro jeho trpasli\u010d\u00ed velikost je mo\u017en\u00e9 velmi snadno rozmazlit, proto je nutn\u00e9 ho od za\u010d\u00e1tku d\u016fsledn\u011b usm\u011br\u0148ovat.<\/p>\n","protected":false},"excerpt":{"rendered":"<p>Plemeno mal\u00e9ho vzr\u016fstu \u0159ad\u00edc\u00ed se mezi teri\u00e9ry, kter\u00e9 poch\u00e1z\u00ed ze Spojen\u00e9ho kr\u00e1lovstv\u00ed, kde bylo vyu\u017e\u00edv\u00e1no k lovu hlodavc\u016f. Toto plemeno m\u00e1 malou a plochou hlavu. Nos je v\u017edy \u010dern\u00fd. O\u010di jsou velikostn\u011b st\u0159edn\u00ed, tmav\u00e9 a s inteligentn\u00edm v\u00fdrazem. U\u0161i jsou mal\u00e9, vzty\u010den\u00e9, maj\u00ed troj\u00faheln\u00edkovit\u00fd tvar a jsou pokryt\u00e9 kr\u00e1tkou, tmavou<a href=\"https:\/\/www.yorksirbetty.cz\/?page_id=276\" class=\"read-more\">Read More&#8230;<\/a><\/p>\n","protected":false},"author":1,"featured_media":0,"parent":0,"menu_order":0,"comment_status":"closed","ping_status":"closed","template":"","meta":{"footnotes":""},"class_list":["post-276","page","type-page","status-publish","hentry"],"_links":{"self":[{"href":"https:\/\/www.yorksirbetty.cz\/index.php?rest_route=\/wp\/v2\/pages\/276","targetHints":{"allow":["GET"]}}],"collection":[{"href":"https:\/\/www.yorksirbetty.cz\/index.php?rest_route=\/wp\/v2\/pages"}],"about":[{"href":"https:\/\/www.yorksirbetty.cz\/index.php?rest_route=\/wp\/v2\/types\/page"}],"author":[{"embeddable":true,"href":"https:\/\/www.yorksirbetty.cz\/index.php?rest_route=\/wp\/v2\/users\/1"}],"replies":[{"embeddable":true,"href":"https:\/\/www.yorksirbetty.cz\/index.php?rest_route=%2Fwp%2Fv2%2Fcomments&post=276"}],"version-history":[{"count":5,"href":"https:\/\/www.yorksirbetty.cz\/index.php?rest_route=\/wp\/v2\/pages\/276\/revisions"}],"predecessor-version":[{"id":306,"href":"https:\/\/www.yorksirbetty.cz\/index.php?rest_route=\/wp\/v2\/pages\/276\/revisions\/306"}],"wp:attachment":[{"href":"https:\/\/www.yorksirbetty.cz\/index.php?rest_route=%2Fwp%2Fv2%2Fmedia&parent=276"}],"curies":[{"name":"wp","href":"https:\/\/api.w.org\/{rel}","templated":true}]}}